{"id":5,"date":"2015-12-28T09:47:30","date_gmt":"2015-12-28T09:47:30","guid":{"rendered":"http:\/\/skilthuset2016.wordpress.com\/?page_id=1"},"modified":"2025-11-12T08:43:38","modified_gmt":"2025-11-12T08:43:38","slug":"about","status":"publish","type":"page","link":"https:\/\/skilthuset.no\/?page_id=5","title":{"rendered":"Om oss"},"content":{"rendered":"<div id=\"contentAbout\">\n<div class=\"contentAboutBody\">\n<p>Skilthuset AS er medlem av <a href=\"https:\/\/skilt-gruppen.no\" target=\"_blank\" rel=\"noopener\">Skiltgruppen<\/a>, som er et nasjonalt nettverk av skiltprodusenter.<\/p>\n<p>Tovaco Tekst &amp; Dekor ble startet som enkeltmannsforetak i 1987 av Tore Valen.<br \/>\nSenere\u00a0skiftet firmaet navn til Skilthuset Tovaco AS, og idag er navnet Skilthuset AS.<\/p>\n<p>Siden den gang har Skilthuset levert kreative dekor- og skiltl\u00f8sninger til hele landet.<br \/>\nDette ved hjelp av folieskj\u00e6rere, folieprinter, CNC overfres og diverse annet verkt\u00f8y og maskineri.<br \/>\nFor ikke \u00e5 glemme v\u00e5re fleksible og kreative medarbeidere som gjerne tar en\u00a0utfordring.<\/p>\n<p>Og vi strekker oss langt for at v\u00e5re kunder skal v\u00e6re forn\u00f8yde.<br \/>\nRett og slett fordi vi liker jobben v\u00e5r!<\/p>\n<div><strong>Skilthuset AS<br \/>\n<\/strong>Torneroseveien 4, 4315 Sandnes<br \/>\nTelefon: <a href=\"tel:51841050\">51 84 10 50<\/a><br \/>\n<span style=\"color: #3366ff;\"><a style=\"color: #3366ff;\" href=\"mailto:post@skilthuset.no\">post@skilthuset.no<\/a><\/span><\/div>\n<div><\/div>\n<div><\/div>\n<\/div>\n<\/div>\n","protected":false},"excerpt":{"rendered":"<p>Skilthuset AS er medlem av Skiltgruppen, som er et nasjonalt nettverk av skiltprodusenter. Tovaco Tekst &amp; Dekor ble startet som enkeltmannsforetak i 1987 av Tore Valen. Senere\u00a0skiftet firmaet navn til Skilthuset Tovaco AS, og idag er navnet Skilthuset AS. Siden den gang har Skilthuset levert kreative dekor- og skiltl\u00f8sninger til hele landet. Dette ved hjelp &hellip; <a href=\"https:\/\/skilthuset.no\/?page_id=5\" class=\"more-link\">Continue reading <span class=\"screen-reader-text\">Om oss<\/span><\/a><\/p>\n","protected":false},"author":1,"featured_media":0,"parent":0,"menu_order":0,"comment_status":"closed","ping_status":"closed","template":"page-templates\/full-width-page.php","meta":{"jetpack_post_was_ever_published":false,"footnotes":""},"class_list":["post-5","page","type-page","status-publish","hentry"],"jetpack_sharing_enabled":false,"jetpack_shortlink":"https:\/\/wp.me\/P7fP3m-5","_links":{"self":[{"href":"https:\/\/skilthuset.no\/index.php?rest_route=\/wp\/v2\/pages\/5","targetHints":{"allow":["GET"]}}],"collection":[{"href":"https:\/\/skilthuset.no\/index.php?rest_route=\/wp\/v2\/pages"}],"about":[{"href":"https:\/\/skilthuset.no\/index.php?rest_route=\/wp\/v2\/types\/page"}],"author":[{"embeddable":true,"href":"https:\/\/skilthuset.no\/index.php?rest_route=\/wp\/v2\/users\/1"}],"replies":[{"embeddable":true,"href":"https:\/\/skilthuset.no\/index.php?rest_route=%2Fwp%2Fv2%2Fcomments&post=5"}],"version-history":[{"count":15,"href":"https:\/\/skilthuset.no\/index.php?rest_route=\/wp\/v2\/pages\/5\/revisions"}],"predecessor-version":[{"id":1249,"href":"https:\/\/skilthuset.no\/index.php?rest_route=\/wp\/v2\/pages\/5\/revisions\/1249"}],"wp:attachment":[{"href":"https:\/\/skilthuset.no\/index.php?rest_route=%2Fwp%2Fv2%2Fmedia&parent=5"}],"curies":[{"name":"wp","href":"https:\/\/api.w.org\/{rel}","templated":true}]}}